{"id":727,"date":"2021-02-04T15:04:03","date_gmt":"2021-02-04T14:04:03","guid":{"rendered":"http:\/\/www.cityphone.de\/?page_id=727"},"modified":"2025-03-21T15:42:16","modified_gmt":"2025-03-21T14:42:16","slug":"test","status":"publish","type":"page","link":"https:\/\/www.cityphone.de\/?page_id=727","title":{"rendered":"Leistungen"},"content":{"rendered":"\n<div class=\"wp-block-columns\">\n<div class=\"wp-block-column\">\n<div class=\"wp-block-cover has-background-dim has-custom-content-position is-position-top-center\" style=\"background-color:#fcfcfc;min-height:50px\"><div class=\"wp-block-cover__inner-container\">\n<p class=\"has-text-align-left has-black-color has-text-color has-large-font-size\"><span style=\"color:#000000\" class=\"tadv-color\"><strong>Mobilfunk<\/strong><\/span><\/p>\n\n\n\n<h4><span style=\"color: #000000;\">Wir \u00fcbernehmen das Management und haben stets die aktuellen Tarife im Blick.<br><br><br><a href=\"#Link1\">Weiterlesen&#8230;<\/a><\/span><\/h4>\n\n\n\n<p><\/p>\n<\/div><\/div>\n<\/div>\n\n\n\n<div class=\"wp-block-column\">\n<div class=\"wp-block-cover has-background-dim has-custom-content-position is-position-top-center\" style=\"background-color:#fcfcfc;min-height:50px\"><div class=\"wp-block-cover__inner-container\">\n<p class=\"has-text-align-left has-black-color has-text-color has-large-font-size\"><span style=\"color:#000000\" class=\"tadv-color\"><strong>Festnetz &#8211; Daten  Kommunikation<\/strong><\/span><\/p>\n\n\n\n<h4><span style=\"color: #000000;\">Wir helfen Ihnen gern bei Ihrer Vertragsoptimierung.<br><br><a href=\"#Link2\">Weiterlesen&#8230;<\/a><\/span><\/h4>\n<\/div><\/div>\n<\/div>\n\n\n\n<div class=\"wp-block-column\">\n<div class=\"wp-block-cover has-background-dim has-custom-content-position is-position-top-center\" style=\"background-color:#fcfcfc;min-height:40px\"><div class=\"wp-block-cover__inner-container\">\n<p class=\"has-text-align-left has-black-color has-text-color has-large-font-size\"><strong>Telematik<\/strong><br><\/p>\n\n\n\n<h4><span style=\"color: #000000;\">Mit Telematikl\u00f6sungen alles im Blick und unter Kontrolle. F\u00fcr Sie und Ihre Kunden.<\/span><\/h4>\n<h4><span style=\"color: #000000;\"><br \/><a href=\"#Link3\">Weiterlesen&#8230;<\/a><br \/><\/span><\/h4>\n<p>\u00a0<\/p>\n<p>W<\/p>\n<\/div><\/div>\n<\/div>\n<\/div>\n\n\n\n<div class=\"wp-block-columns\">\n<div class=\"wp-block-column\" style=\"flex-basis:33%\">\n<p><\/p>\n<\/div>\n\n\n\n<div class=\"wp-block-column\"><\/div>\n<\/div>\n\n\n\n<div class=\"wp-block-columns\">\n<div class=\"wp-block-column\"><\/div>\n\n\n\n<div class=\"wp-block-column\"><\/div>\n<\/div>\n\n\n\n<div class=\"wp-block-columns\">\n<div class=\"wp-block-column\"><\/div>\n<\/div>\n\n\n\n<div class=\"wp-block-columns\">\n<div class=\"wp-block-column Link1\">\n<hr class=\"wp-block-separator has-text-color has-background\" style=\"background-color:#dcdede;color:#dcdede\" id=\"Link1\"\/>\n\n\n\n<div style=\"height:37px\" aria-hidden=\"true\" class=\"wp-block-spacer\"><\/div>\n<\/div>\n<\/div>\n\n\n\n<h3 class=\"has-text-align-center Link1 has-large-font-size\"><span style=\"color:#000000\" class=\"tadv-color\">Mobilfunk<\/span><\/h3>\n\n\n\n<h5 id=\"Business\u2013L\u00f6sung-mit-Profil:\"><strong>Business \u2013 L\u00f6sung mit Profil:<\/strong><\/h5>\n\n\n\n<p>Unser Kundenstamm besteht aus Freiberuflern, kleinen und mittelst\u00e4ndischen Unternehmen sowie St\u00e4dten und Kommunen, die auf flexible und ma\u00dfgeschneiderte L\u00f6sungen f\u00fcr Ihr Unternehmen setzen.<br>Unsere Gesch\u00e4ftsphilosophie ist auf solche Bed\u00fcrfnisse und Anforderungen eingestellt und bietet Ihnen die geforderten Produkte sowie Dienstleistungen oder L\u00f6sungen Ihrer Anliegen, die nicht \u00fcber dem normalen Weg zum gew\u00fcnschten Ergebnis f\u00fchren.<br>Steigende Kommunikationsanforderungen, die damit verbundenen neuen innovativen Produkte, stellen Nutzer und Verantwortliche im Unternehmen vor stetig wachsenden Herausforderungen auf diesen Gebieten.<\/p>\n\n\n\n<div class=\"wp-block-columns\">\n<div class=\"wp-block-column\">\n<div class=\"wp-block-cover has-background-dim-10 has-background-dim\" style=\"background-image:url(http:\/\/www.cityphone.de\/wp-content\/uploads\/2021\/02\/smartphone-1445448_1280-e1612438894542.jpg);min-height:40px;background-position:25% 25%\"><div class=\"wp-block-cover__inner-container\">\n<p class=\"has-text-align-center has-large-font-size\"><\/p>\n<\/div><\/div>\n<\/div>\n\n\n\n<div class=\"wp-block-column\">\n<h4 id=\"Unser-Rundum-Service-f\u00fcr-Sie\">Unser Rundum-Service f\u00fcr Sie:<\/h4>\n\n\n\n<h5>Vertrags-Management<\/h5>\n\n\n\n<ul><li>Neu-Vertr\u00e4ge<\/li><li>Tarifwechsel<\/li><li>Vertragsverl\u00e4ngerungen<\/li><li>Laufzeit-\u00dcberwachung<\/li><li>Vertragsk\u00fcndigungen<\/li><li>Service und Reklamation<\/li><\/ul>\n\n\n\n<h5>Rechnungs-Management<\/h5>\n\n\n\n<ul><li>Rechnungs-Analyse<\/li><li>Reporting + Controlling<\/li><li>Nutzerspezifische Auswertung<\/li><li>Nachhaltige Kostenoptimierung<\/li><\/ul>\n<\/div>\n<\/div>\n\n\n\n<div class=\"wp-block-columns\">\n<div class=\"wp-block-column\" id=\"Link2\">\n<div style=\"height:77px\" aria-hidden=\"true\" class=\"wp-block-spacer\"><\/div>\n<\/div>\n<\/div>\n\n\n\n<h1 class=\"has-text-align-center has-large-font-size\"><br><span style=\"color:#000000\" class=\"tadv-color\">Festnetz &#8211; Daten &#8211; Kommunikation<\/span><\/h1>\n\n\n\n<div class=\"wp-block-columns\">\n<div class=\"wp-block-column\">\n<div class=\"wp-block-cover has-background-dim-10 has-background-dim has-custom-content-position is-position-top-center\" style=\"background-image:url(https:\/\/www.cityphone.de\/wp-content\/uploads\/2021\/03\/texting-1490691_1280.jpg);min-height:300px;background-position:30% 30%\"><div class=\"wp-block-cover__inner-container\">\n<p class=\"has-text-align-center\" style=\"font-size:28px\"><\/p>\n\n\n\n<p><\/p>\n<\/div><\/div>\n<\/div>\n\n\n\n<div class=\"wp-block-column\">\n<h4 id=\"Unsere-Leistungen-im-\u00dcberblick:\">Unsere Leistungen im \u00dcberblick:<\/h4>\n\n\n\n<ul><li>Festnetz<\/li><li>Datenleitung<\/li><li>Internet-Telefonie<\/li><\/ul>\n<\/div>\n<\/div>\n\n\n\n<div class=\"wp-block-columns\">\n<div class=\"wp-block-column\">\n<div class=\"wp-block-columns\">\n<div class=\"wp-block-column\"><\/div>\n\n\n\n<div class=\"wp-block-column\"><\/div>\n<\/div>\n\n\n\n<div style=\"height:77px\" aria-hidden=\"true\" id=\"Link3\" class=\"wp-block-spacer\"><\/div>\n\n\n\n<h1 class=\"has-text-align-center Link3 has-large-font-size\" id=\"Link3\"><span style=\"color:#000000\" class=\"tadv-color\">Telematik<\/span><\/h1>\n\n\n\n<div class=\"wp-block-columns\">\n<div class=\"wp-block-column\">\n<div class=\"wp-block-cover\" style=\"background-image:url(https:\/\/www.cityphone.de\/wp-content\/uploads\/2021\/03\/bridge-1489043_1280.jpg);min-height:50px\"><div class=\"wp-block-cover__inner-container\">\n<p class=\"has-text-align-center has-large-font-size\"><\/p>\n<\/div><\/div>\n<\/div>\n\n\n\n<div class=\"wp-block-column\">\n<h4>Wir bieten:<\/h4>\n\n\n\n<ul><li>Ortung und Spurenverfolgung von Fahrzeugen, Baumaschinen usw.<\/li><li>Elektronische Fahrtenb\u00fccher<\/li><li>Mobile Informationssysteme<\/li><\/ul>\n\n\n\n<h4>Unsere Partner sind:<\/h4>\n\n\n\n<ul><li>Wireless Logic<\/li><li>Webfleet Tom Tom Solution<\/li><li>Fusion IoT<\/li><\/ul>\n\n\n\n<figure class=\"wp-block-table\"><table><tbody><tr><td><img loading=\"lazy\" width=\"225\" height=\"62\" class=\"wp-image-347\" style=\"width: 150px;\" src=\"http:\/\/www.cityphone.de\/wp-content\/uploads\/2016\/03\/wl-logo.png\" alt=\"\"><\/td><td><img loading=\"lazy\" width=\"341\" height=\"20\" class=\"wp-image-346\" style=\"width: 150px;\" src=\"http:\/\/www.cityphone.de\/wp-content\/uploads\/2016\/03\/ttt-logo.png\" alt=\"\" srcset=\"https:\/\/www.cityphone.de\/wp-content\/uploads\/2016\/03\/ttt-logo.png 341w, https:\/\/www.cityphone.de\/wp-content\/uploads\/2016\/03\/ttt-logo-300x18.png 300w\" sizes=\"(max-width: 341px) 100vw, 341px\" \/><\/td><\/tr><tr><td><img src=\"https:\/\/www.cityphone.de\/wp-content\/uploads\/2025\/03\/FUSION-IoT-Logo-1024x210.png\" alt=\"Dieses Bild hat ein leeres Alt-Attribut. Der Dateiname ist FUSION-IoT-Logo-1024x210.png\" style=\"width: 150px;\"><\/td><td><\/td><\/tr><\/tbody><\/table><\/figure>\n<\/div>\n<\/div>\n\n\n\n<p><\/p>\n\n\n\n<div style=\"height:77px\" aria-hidden=\"true\" class=\"wp-block-spacer\"><\/div>\n\n\n\n<h1 class=\"has-text-align-center\" id=\"Link3\">Unsere Partner im B2B Segment:<\/h1>\n\n\n\n<div style=\"height:14px\" aria-hidden=\"true\" class=\"wp-block-spacer\"><\/div>\n<\/div>\n<\/div>\n\n\n\n<figure class=\"wp-block-table\"><table><tbody><tr><td><img src=\"https:\/\/www.cityphone.de\/wp-content\/uploads\/2025\/03\/freenet.jpg\" alt=\"Dieses Bild hat ein leeres Alt-Attribut. Der Dateiname ist freenet.jpg\" style=\"width: 150px;\"><\/td><td><img src=\"http:\/\/www.cityphone.de\/wp-content\/uploads\/2016\/04\/t-mob.-1-e1461240523534.jpg\" alt=\"\" style=\"width: 150px;\"><\/td><td><img src=\"http:\/\/www.cityphone.de\/wp-content\/uploads\/2021\/02\/VF1.jpg\" alt=\"\" style=\"width: 150px;\"><\/td><td><img src=\"https:\/\/www.cityphone.de\/wp-content\/uploads\/2025\/03\/o2-Business_Logo_RGB_PrimaryBlue-1024x180.png\" alt=\"Dieses Bild hat ein leeres Alt-Attribut. Der Dateiname ist o2-Business_Logo_RGB_PrimaryBlue-1024x180.png\" style=\"width: 150px;\"><\/td><td><img src=\"http:\/\/www.cityphone.de\/wp-content\/uploads\/2016\/04\/O2-e1461241310279.jpg\" alt=\"\" style=\"width: 150px;\"><\/td><td><img src=\"http:\/\/www.cityphone.de\/wp-content\/uploads\/2016\/04\/truphone-e1461240701661.png\" alt=\"\" style=\"width: 150px;\"><\/td><\/tr><tr><td><img src=\"https:\/\/www.cityphone.de\/wp-content\/uploads\/2025\/03\/NFON_Partner_Logo_Silver_RGB-1_-1024x464.jpg\" alt=\"Dieses Bild hat ein leeres Alt-Attribut. Der Dateiname ist NFON_Partner_Logo_Silver_RGB-1_-1024x464.jpg\" style=\"width: 150px;\"><\/td><td><img src=\"https:\/\/www.cityphone.de\/wp-content\/uploads\/2025\/03\/VF_Business_Partner_Distributor_Logo_BusinessPartner_Gold_4C-1.png\" alt=\"Dieses Bild hat ein leeres Alt-Attribut. Der Dateiname ist VF_Business_Partner_Distributor_Logo_BusinessPartner_Gold_4C-1.png\" style=\"width: 150px;\"><\/td><td><img src=\"https:\/\/www.cityphone.de\/wp-content\/uploads\/2025\/03\/Gamma-Logo.png\" alt=\"Dieses Bild hat ein leeres Alt-Attribut. Der Dateiname ist Gamma-Logo.png\" style=\"width: 150px;\"><\/td><td><img src=\"https:\/\/www.cityphone.de\/wp-content\/uploads\/2025\/03\/Epsilon-Logo-3.png\" alt=\"Dieses Bild hat ein leeres Alt-Attribut. Der Dateiname ist Epsilon-Logo-3.png\" style=\"width: 150px;\"><\/td><td><\/td><td><\/td><\/tr><tr><td><img src=\"https:\/\/www.cityphone.de\/wp-content\/uploads\/2025\/03\/1und1-Versatel-Partner-Logo_RGB.jpg\" alt=\"Dieses Bild hat ein leeres Alt-Attribut. Der Dateiname ist 1und1-Versatel-Partner-Logo_RGB.jpg\" style=\"width: 150px;\"><\/td><td><\/td><td><\/td><td><\/td><td><\/td><td><\/td><\/tr><\/tbody><\/table><\/figure>\n\n\n\n<div class=\"wp-block-columns\">\n<div class=\"wp-block-column\"><\/div>\n\n\n\n<div class=\"wp-block-column\"><\/div>\n<\/div>\n\n\n\n<div class=\"wp-block-columns\">\n<div class=\"wp-block-column\" style=\"flex-basis:100%\">\n<div class=\"wp-block-columns\">\n<div class=\"wp-block-column\"><\/div>\n\n\n\n<div class=\"wp-block-column\"><\/div>\n<\/div>\n<\/div>\n<\/div>\n\n\n\n<p><\/p>\n","protected":false},"excerpt":{"rendered":"<p>Mobilfunk Business \u2013 L\u00f6sung mit Profil: Unser Kundenstamm besteht aus Freiberuflern, kleinen und mittelst\u00e4ndischen Unternehmen sowie St\u00e4dten und Kommunen, die <a class=\"more-link\" href=\"https:\/\/www.cityphone.de\/?page_id=727\">weiterlesen&#8230;<\/a><\/p>\n","protected":false},"author":1,"featured_media":0,"parent":0,"menu_order":0,"comment_status":"closed","ping_status":"closed","template":"","meta":[],"_links":{"self":[{"href":"https:\/\/www.cityphone.de\/index.php?rest_route=\/wp\/v2\/pages\/727"}],"collection":[{"href":"https:\/\/www.cityphone.de\/index.php?rest_route=\/wp\/v2\/pages"}],"about":[{"href":"https:\/\/www.cityphone.de\/index.php?rest_route=\/wp\/v2\/types\/page"}],"author":[{"embeddable":true,"href":"https:\/\/www.cityphone.de\/index.php?rest_route=\/wp\/v2\/users\/1"}],"replies":[{"embeddable":true,"href":"https:\/\/www.cityphone.de\/index.php?rest_route=%2Fwp%2Fv2%2Fcomments&post=727"}],"version-history":[{"count":245,"href":"https:\/\/www.cityphone.de\/index.php?rest_route=\/wp\/v2\/pages\/727\/revisions"}],"predecessor-version":[{"id":2049,"href":"https:\/\/www.cityphone.de\/index.php?rest_route=\/wp\/v2\/pages\/727\/revisions\/2049"}],"wp:attachment":[{"href":"https:\/\/www.cityphone.de\/index.php?rest_route=%2Fwp%2Fv2%2Fmedia&parent=727"}],"curies":[{"name":"wp","href":"https:\/\/api.w.org\/{rel}","templated":true}]}}