{"id":43,"date":"2015-03-03T17:12:39","date_gmt":"2015-03-03T16:12:39","guid":{"rendered":"http:\/\/wordpress.cityphone.de\/?page_id=43"},"modified":"2021-02-05T15:25:00","modified_gmt":"2021-02-05T14:25:00","slug":"dropdown","status":"publish","type":"page","link":"https:\/\/www.cityphone.de\/?page_id=43","title":{"rendered":"Mobilfunk"},"content":{"rendered":"<h5><strong>Business &#8211; L\u00f6sung mit Profil:<\/strong><\/h5>\n<p>Unser Kundenstamm besteht aus Freiberuflern, kleinen und mittelst\u00e4ndischen Unternehmen sowie St\u00e4dten und Kommunen, die auf flexible und ma\u00dfgeschneiderte L\u00f6sungen f\u00fcr Ihr Unternehmen setzen.<br \/>\nUnsere Gesch\u00e4ftsphilosophie ist auf solche Bed\u00fcrfnisse und Anforderungen eingestellt und bietet Ihnen die geforderten Produkte sowie Dienstleistungen oder L\u00f6sungen Ihrer Anliegen, die nicht \u00fcber dem normalen Weg zum gew\u00fcnschten Ergebnis f\u00fchren.<br \/>\nSteigende Kommunikationsanforderungen, die damit verbundenen neuen innovativen Produkte, stellen Nutzer und Verantwortliche im Unternehmen vor stetig wachsenden Herausforderungen auf diesen Gebieten.<\/p>\n<h5><strong>Unsere Partner im B2B Segment:<\/strong><\/h5>\n<p>\u2022 Deutsche Telekom<br \/>\n\u2022 Vodafone<br \/>\n\u2022 Mobilcom Debitel &#8211; die perfekte L\u00f6sung auf einer Rechnung<br \/>\n\u2022 Telefonica o2<br \/>\n\u2022 Truphone &#8211; die Alternative f\u00fcr Sprache und Daten im Ausland. <strong>Hohe Roamingkosten?? &#8211; 1 Tarif f\u00fcr 66 L\u00e4nder!<br \/>\n<\/strong><\/p>\n<p><img loading=\"lazy\" class=\"wp-image-473 alignleft\" src=\"http:\/\/wordpress.cityphone.de\/wp-content\/uploads\/2015\/03\/Grafik2.jpg\" alt=\"Grafik2\" width=\"635\" height=\"255\" srcset=\"https:\/\/www.cityphone.de\/wp-content\/uploads\/2015\/03\/Grafik2.jpg 802w, https:\/\/www.cityphone.de\/wp-content\/uploads\/2015\/03\/Grafik2-300x120.jpg 300w, https:\/\/www.cityphone.de\/wp-content\/uploads\/2015\/03\/Grafik2-768x308.jpg 768w\" sizes=\"(max-width: 635px) 100vw, 635px\" \/><\/p>\n<h3>\u00a0Sprechen Sie uns an!<\/h3>\n","protected":false},"excerpt":{"rendered":"<p>Business &#8211; L\u00f6sung mit Profil: Unser Kundenstamm besteht aus Freiberuflern, kleinen und mittelst\u00e4ndischen Unternehmen sowie St\u00e4dten und Kommunen, die auf <a class=\"more-link\" href=\"https:\/\/www.cityphone.de\/?page_id=43\">weiterlesen&#8230;<\/a><\/p>\n","protected":false},"author":1,"featured_media":0,"parent":32,"menu_order":0,"comment_status":"closed","ping_status":"closed","template":"","meta":[],"_links":{"self":[{"href":"https:\/\/www.cityphone.de\/index.php?rest_route=\/wp\/v2\/pages\/43"}],"collection":[{"href":"https:\/\/www.cityphone.de\/index.php?rest_route=\/wp\/v2\/pages"}],"about":[{"href":"https:\/\/www.cityphone.de\/index.php?rest_route=\/wp\/v2\/types\/page"}],"author":[{"embeddable":true,"href":"https:\/\/www.cityphone.de\/index.php?rest_route=\/wp\/v2\/users\/1"}],"replies":[{"embeddable":true,"href":"https:\/\/www.cityphone.de\/index.php?rest_route=%2Fwp%2Fv2%2Fcomments&post=43"}],"version-history":[{"count":38,"href":"https:\/\/www.cityphone.de\/index.php?rest_route=\/wp\/v2\/pages\/43\/revisions"}],"predecessor-version":[{"id":800,"href":"https:\/\/www.cityphone.de\/index.php?rest_route=\/wp\/v2\/pages\/43\/revisions\/800"}],"up":[{"embeddable":true,"href":"https:\/\/www.cityphone.de\/index.php?rest_route=\/wp\/v2\/pages\/32"}],"wp:attachment":[{"href":"https:\/\/www.cityphone.de\/index.php?rest_route=%2Fwp%2Fv2%2Fmedia&parent=43"}],"curies":[{"name":"wp","href":"https:\/\/api.w.org\/{rel}","templated":true}]}}